greatest common divisor of 3614 and 234.
26
Calculate the greatest common divisor of 257 and 18247.
257
What is the greatest common factor of 6003 and 1044?
261
Calculate the highest common factor of 1120 and 70.
70
What is the highest common divisor of 11 and 253?
11
Calculate the highest common divisor of 18 and 84.
6
What is the greatest common divisor of 7223 and 93?
31
What is the greatest common factor of 375 and 29875?
125
What is the highest common factor of 783 and 29?
29
Calculate the highest common divisor of 606 and 12.
6
Calculate the greatest common divisor of 6 and 1902.
6
What is the highest common divisor of 117 and 65?
13
What is the greatest common factor of 18 and 342?
18
Calculate the highest common factor of 198 and 462.
66
Calculate the highest common factor of 106636 and 212.
212
Calculate the highest common divisor of 18 and 48.
6
Calculate the highest common divisor of 1368 and 144.
72
What is the greatest common divisor of 1820 and 896?
28
What is the greatest common divisor of 992 and 448?
32
What is the greatest common factor of 21353 and 131?
131
Calculate the greatest common divisor of 871 and 1005.
67
Calculate the highest common divisor of 876 and 1679.
73
What is the highest common divisor of 39 and 234?
39
What is the highest common divisor of 39 and 9399?
39
What is the greatest common factor of 17 and 1751?
17
What is the greatest common divisor of 51 and 17?
17
Calculate the highest common divisor of 86 and 301.
43
Calculate the highest common divisor of 45 and 2115.
45
Calculate the highest common factor of 500 and 1875.
125
What is the greatest common divisor of 84 and 84?
84
Calculate the highest common divisor of 280 and 8720.
40
Calculate the highest common factor of 126 and 114.
6
Calculate the highest common factor of 171 and 27.
9
What is the greatest common factor of 40 and 968?
8
What is the highest common factor of 2 and 9?
1
Calculate the highest common factor of 41 and 2091.
41
What is the highest common factor of 58 and 18328?
58
Calculate the greatest common divisor of 66 and 534.
6
What is the highest common divisor of 2536 and 32?
8
Calculate the highest common factor of 5067 and 9.
9
What is the highest common divisor of 6461 and 273?
91
Calculate the highest common divisor of 6 and 16.
2
Calculate the highest common divisor of 54 and 1026.
54
What is the greatest common factor of 944 and 59?
59
Calculate the greatest common divisor of 40 and 750.
10
Calculate the greatest common factor of 177 and 236.
59
What is the greatest common divisor of 138 and 27278?
46
Calculate the greatest common divisor of 13 and 52.
13
What is the greatest common factor of 1575 and 800?
25
What is the highest common divisor of 72 and 180?
36
What is the greatest common factor of 88 and 396?
44
What is the greatest common factor of 975 and 75?
75
Calculate the highest common factor of 71 and 1.
1
Calculate the greatest common divisor of 336 and 57.
3
What is the greatest common factor of 12 and 212?
4
Calculate the greatest common factor of 20933 and 346.
173
What is the greatest common factor of 135 and 285?
15
Calculate the greatest common divisor of 15 and 4245.
15
What is the highest common divisor of 1344 and 13216?
224
Calculate the greatest common factor of 744 and 48.
24
What is the highest common factor of 335 and 235?
5
Calculate the greatest common factor of 20 and 188.
4
What is the highest common divisor of 253 and 77?
11
Calculate the highest common divisor of 15 and 240.
15
What is the greatest common divisor of 484 and 66?
22
Calculate the greatest common divisor of 2470 and 76.
38
What is the highest common factor of 56 and 7?
7
Calculate the greatest common divisor of 139 and 12649.
139
Calculate the greatest common divisor of 403 and 496.
31
Calculate the highest common factor of 37 and 1110.
37
Calculate the greatest common divisor of 1467 and 27.
9
What is the highest common divisor of 27 and 33?
3
What is the highest common divisor of 22 and 54?
2
Calculate the highest common factor of 32229 and 9.
9
Calculate the greatest common factor of 162 and 3186.
54
Calculate the greatest common factor of 51056 and 16.
16
What is the greatest common divisor of 450 and 330?
30
What is the greatest common divisor of 1634 and 152?
38
What is the highest common factor of 3312 and 1872?
144
Calculate the highest common divisor of 333 and 444.
111
Calculate the greatest common factor of 102 and 12.
6
What is the highest common divisor of 5663 and 28?
7
Calculate the highest common factor of 4 and 214.
2
What is the highest common factor of 21 and 553?
7
What is the highest common divisor of 3337 and 142?
71
Calculate the greatest common factor of 11 and 3421.
11
What is the greatest common divisor of 10 and 1255?
5
Calculate the highest common factor of 16 and 368.
16
Calculate the greatest common divisor of 966 and 54.
6
Calculate the highest common factor of 89 and 7298.
89
What is the greatest common factor of 55 and 85?
5
Calculate the highest common divisor of 258 and 602.
86
What is the greatest common factor of 210 and 525?
105
Calculate the greatest common divisor of 2946 and 6.
6
What is the greatest common divisor of 349 and 2?
1
What is the greatest common factor of 280 and 21980?
140
Calculate the highest common divisor of 45 and 1455.
15
Calculate the highest common factor of 30 and 166.
2
Calculate the highest common divisor of 160 and 200.
40
Calculate the greatest common factor of 8 and 200.
8
Calculate the highest common divisor of 178 and 7209.
89
What is the greatest common factor of 77 and 11?
11
What is the greatest common divisor of 146 and 584?
146
What is the highest common factor of 102 and 18?
6
Calculate the highest common divisor of 37 and 851.
37
What is the highest common divisor of 6627 and 423?
141
Calculate the highest common factor of 14 and 16.
2
Calculate the highest common factor of 27 and 157761.
27
What is the greatest common factor of 34 and 578?
34
What is the highest common divisor of 1391 and 3959?
107
What is the highest common divisor of 1404 and 24?
12
Calculate the highest common factor of 141 and 3.
3
Calculate the greatest common factor of 12 and 786.
6
Calculate the highest common divisor of 14 and 238.
14
What is the highest common factor of 93 and 651?
93
Calculate the highest common factor of 6291 and 1165.
233
What is the greatest common factor of 434 and 14?
14
Calculate the highest common divisor of 138 and 138.
138
Calculate the highest common divisor of 2140 and 60.
20
What is the highest common factor of 170 and 100?
10
What is the greatest common divisor of 80 and 1145?
5
Calculate the greatest common divisor of 51795 and 45.
45
What is the highest common factor of 209 and 55?
11
Calculate the highest common factor of 2623 and 61.
61
What is the highest common divisor of 12987 and 195?
39
Calculate the greatest common divisor of 32 and 38176.
32
Calculate the greatest common factor of 530 and 424.
106
What is the greatest common divisor of 546 and 1248?
78
What is the greatest common divisor of 16050 and 120?
30
What is the greatest common divisor of 150 and 90?
30
Calculate the highest common divisor of 10 and 5310.
10
Calculate the highest common factor of 1985 and 23026.
397
What is the highest common divisor of 584 and 40?
8
Calculate the greatest common divisor of 846 and 18.
18
Calculate the highest common factor of 11 and 891.
11
Calculate the highest common factor of 54 and 594.
54
Calculate the highest common divisor of 32 and 1184.
32
Calculate the greatest common divisor of 66 and 3597.
33
Calculate the highest common factor of 4186 and 5083.
299
What is the greatest common divisor of 11983 and 46?
23
What is the highest common factor of 12 and 8?
4
Calculate the highest common factor of 3 and 2481.
3
Calculate the greatest common factor of 647 and 1.
1
What is the greatest common divisor of 54 and 42?
6
Calculate the greatest common factor of 228 and 5130.
114
What is the highest common factor of 43 and 4859?
43
What is the highest common divisor of 408 and 68?
68
Calculate the highest common divisor of 1482 and 76.
38
What is the highest common divisor of 36 and 2601?
9
What is the greatest common factor of 20 and 970?
10
Calcu